7
Let q be (-652)/(-18) + 4*10/(-180). Let j = q - -231. What is the remainder when j is divided by 54?
51
Suppose 2*k - 7 = -3*q, 2*k - 2 = -4*q + 4. Calculate the remainder when 99 is divided by 19 + -12 - 3*q.
9
Let n(o) = 175*o - 725. What is the remainder when 447 is divided by n(5)?
147
Suppose -9*u + 29 + 7 = 0. Let i(n) = -9*n - 1. What is the remainder when i(-1) is divided by u?
0
Let x be (3 + 3)*(-2 + 1). Calculate the remainder when (2/(-8))/((-327)/49704) is divided by (-4 - x)*(-21)/(-2).
17
Let s(u) = -u**3 + 2. Let y(z) = 5*z**3 + 24*z**2 - 54*z + 24. Let t(d) = 4*s(d) + y(d). What is the remainder when 248 is divided by t(-26)?
80
Let g be ((-10)/(-30))/((-2)/(1*-12)). Suppose 2*q - 90 = g. Let b = 69 - q. Calculate the remainder when 44 is divided by b.
21
Let n = 28208 - 7661. What is the remainder when n is divided by 10?
7
What is the remainder when 1*189*(302 - 299) is divided by 5?
2
Let h = -2 - -22. Suppose 5*m - 160 = -2*f, 249*f - 253*f = 5*m - 170. What is the remainder when h/130 + (-1103)/(-13) is divided by m?
25
Suppose -3925 - 8085 = -10*p. What is the remainder when p is divided by 14?
11
Let i = -6934 - -6997. What is the remainder when 103 is divided by i?
40
Let s(d) be the second derivative of d**4/12 + 5*d**3/2 + 9*d**2 + 60*d. Calculate the remainder when s(-17) is divided by 5.
2
Suppose -6*t = s - t - 43, -5*t = -4*s + 147. Suppose s = w + w. Suppose 6*d - 48 = 12. What is the remainder when w is divided by d?
9
Let a = -426 - -1398. What is the remainder when a is divided by 7?
6
Let n be -4 + (0 - (2 - 9)). Suppose 11 = -n*t + 2, -t + 57 = -2*m. Calculate the remainder when (-246)/m + (-1)/5 is divided by 3.
2
Let s(r) = -2*r**3 + 2*r**2 + 34*r - 7. Let x be s(7). Let o = -328 - x. What is the remainder when o is divided by 5?
4
Calculate the remainder when 76/(-798) - (3 - 794946/126) is divided by 166.
164
Let n(i) = i + 25. Let l be n(-20). Suppose l*u - y + 1 = 3*u, 3*u + y = -4. Calculate the remainder when 33 is divided by u + 28/16 - (-53)/4.
5
Suppose -3*k - 3*p - 2*p + 72 = 0, 54 = 3*k - p. Suppose -15*j - 140 = -k*j. Let l(h) = h**2 - 8*h - 2. What is the remainder when l(-7) is divided by j?
33
Suppose 109*n - 590 = 104*n. Let v = 45 + -26. Suppose -m = -v - 5. Calculate the remainder when n is divided by m.
22
Let z be 48/20 + 2/(-5). Let c(t) = t**2 + 8*t + 16. Let o be c(-6). Suppose o*r = -z*r + 288. Calculate the remainder when 191 is divided by r.
47
Let t = -97 - -99. Suppose y + 29 = 2*w, y + t*y - 30 = -3*w. What is the remainder when w is divided by -4*5/((-20)/8)?
5
What is the remainder when 1469 is divided by (1 - (-7)/(-5))/(2/(-390))?
65
Suppose -53*u - 4339 = 1781 - 30818. What is the remainder when u is divided by 40?
26
Let k = -3 - -9. Suppose k*p - 618 = 3*p. Let i = -147 + p. Calculate the remainder when i is divided by 12.
11
Suppose -4*u - 513 = -3*o, -1081*o + 1077*o = -3*u - 670. What is the remainder when 492 is divided by o?
3
Suppose -737 = 4*g - 5*v + 1871, -v = -5*g - 3281. Let t = g - -693. Calculate the remainder when 1293 is divided by t.
33
Suppose 4*l = -2*d + 379 + 693, -28 = 4*l. Calculate the remainder when 1101 is divided by d.
1
Let m(t) be the third derivative of 5*t**4/6 - t**3/6 - 52*t**2. Calculate the remainder when m(3) is divided by 1*36 + 1 + 4 + -8.
26
Suppose 0 = -246*d + 216*d + 600. Calculate the remainder when 3657 is divided by d.
17
Let w(u) = -17*u + 120. Let l be w(7). Let k = 60 + -35. Calculate the remainder when k is divided by -1*14/((-2)/1)*l.
4
Calculate the remainder when 3898 is divided by ((89 - 8) + 4 + -2 + -5)/1.
76
Suppose 0 = -71*t + 70*t + 67*t - 6336. Suppose 4*w = 3*o + 40, 5*w - w + o = 56. What is the remainder when t is divided by w?
5
Suppose 0 = -8*p - 11 + 35. Suppose 3*k - 42 = -2*k - z, 0 = k + p*z. Calculate the remainder when k is divided by 3.
0
Suppose -f - g + 63 = 0, 4*f - 250 = 864*g - 866*g. Calculate the remainder when f is divided by 33.
29
Suppose 5*l - p - 106 = 60, -2*p = -2*l + 60. Suppose 4*y = -y + 1010. Calculate the remainder when (y/(-8))/((-7)/28) is divided by l.
33
Suppose -284 = -2*w - 4*q, 2*w + 604 = 6*w - q. Let v = -111 + w. What is the remainder when v is divided by 20?
19
Calculate the remainder when 587 is divided by 18/(((-200)/80)/(5/(-2))).
11
Let o be 10 - 8 - (-1 + -56). Let t(l) = -30*l + o*l - 30*l + 20. What is the remainder when 54 is divided by t(9)?
10
Calculate the remainder when 102 is divided by (-2250)/(-125) - (-1 + 3)*4.
2
Let z = -9176 - -10899. Calculate the remainder when 6904 is divided by z.
12
Suppose -5*d - 20 = 0, d + 506 = 4*p - 650. Calculate the remainder when p is divided by 155.
133
Let u = -15136 - -15463. What is the remainder when u is divided by (66 - -2) + (-4)/2?
63
Suppose 4*f - 16 = 0, 2053*f - 2054*f + 689 = 5*u. Calculate the remainder when 995 is divided by u.
36
Suppose -3*b + 4*k + 15 = 2*b, -4*b - 5*k = 29. What is the remainder when 15 is divided by 17/((-85)/(-30)) - 3/b?
6
Let r(b) = -b**2 - 106*b + 136. Calculate the remainder when r(0) is divided by 93.
43
Let y(i) = -2*i**3 + 11*i**2 + 9*i - 15. Let q(h) be the first derivative of h**3/3 + 10*h**2 + 27*h - 19. What is the remainder when q(-19) is divided by y(6)?
2
Let x(o) = 805 - 330*o - 292*o + 694*o. What is the remainder when (44/10)/((-1)/(-5)) is divided by x(-11)?
9
Let f(x) = -x**2 - 11*x - 19. Let y be f(-9). Let h(m) = -62 + 63 + 2*m + 4*m - 4*m - 14*m**3. What is the remainder when h(y) is divided by 9?
4
Suppose -5*u + 4*t = -100, -2*t + 45 + 135 = 9*u. Calculate the remainder when 7359 is divided by u.
19
Let d = 161 + -86. Let m = 163 - d. What is the remainder when m is divided by 23?
19
Suppose 285948 = -131*n + 791986 + 401530. Calculate the remainder when n is divided by 77.
75
Suppose -2959 = -9*t + 5*b, 8*b = 6*b + 26. Let h = 8 + 77. Calculate the remainder when t is divided by h.
81
Suppose 5*h + 20*h = -13*h + 707446. Calculate the remainder when h is divided by 140.
137
Suppose l - 6*x + 4 = -9*x, -2*l - 3*x = -7. Suppose 155 = l*d - 6*d. Calculate the remainder when 88 is divided by d.
26
Let y = 58 - 19. Let j = 355 + -337. Suppose -j*l + 29*l = 1705. What is the remainder when l is divided by y?
38
Let y = 685 + -690. What is the remainder when 307 is divided by 10/y*124/(-8)?
28
Let z(t) = -6*t + 6. Let g = 3 - 1. Suppose 3*h = g*x - 2 + 25, -3*x = -h + 17. What is the remainder when z(x) is divided by 11?
8
Let b(j) = -3*j**2 + 31*j - 10. Let a = -149 + 155. Let t be b(a). Suppose 6*h + t = 10*h. Calculate the remainder when 80 is divided by h.
12
Let v(d) = 2 - 8 + 6 + 9*d - 1. Let j be 3*(-2 + (-10)/(-3)). Calculate the remainder when v(j) is divided by 18.
17
Suppose -4*u + 5545 = 3*f, -f - 9230 = -6*f + 5*u. Calculate the remainder when f is divided by 50.
47
Suppose 11*n = 2544 + 19. Suppose 8*v - n = 207. Calculate the remainder when 270 is divided by v.
50
Let h(w) = 3*w - 26. Let i be h(5). Calculate the remainder when (i - -21) + -14 + (126 - -1) is divided by -1 - (1 - 33/1).
30
Suppose 0 = 3*j + j - 5*d - 28, -2*j + 20 = -4*d. Suppose -j*a - a = -12. Let f(x) = 3*x - 3. Calculate the remainder when 35 is divided by f(a).
8
What is the remainder when (-91 + 1)/1*(7 + (-650)/25) is divided by 37?
8
What is the remainder when 3441 is divided by 5/(-30)*(-155 + -13)?
25
Suppose 97*q - 19*q - 3510 = 0. What is the remainder when 235 is divided by q?
10
Calculate the remainder when 133 is divided by 26/(-78)*(5320/(-25) - (-1)/(-5)).
62
Suppose -1495 = 5*t + 5*y, -5*t - 13*y + 14*y - 1471 = 0. Let d = -279 - t. What is the remainder when d is divided by 12?
4
Suppose 0 = -5*r - 8*s + 78, -3*r + 72 = 2*s + 14. Let y = 6 - 8. Let d = r - y. Calculate the remainder when d is divided by 14.
10
Suppose -3*z - 25*z = -4396. What is the remainder when 208 is divided by z?
51
Let j = 153 - 109. Let p = j + -106. Let g = 69 + p. Calculate the remainder when 40 is divided by g.
5
Let v = -1233 - -890. Let j = v - -468. Calculate the remainder when j is divided by 22.
15
Let s(m) = -m**2 - 4*m - 1. Let h be s(-3). Let c(o) = 11*o**2 + 2*o - 3. What is the remainder when c(h) is divided by 17?
11
Suppose 0 = 4*p - 18 - 2. What is the remainder when -1 